ase 14) to base 8
76
Convert 13 (base 7) to base 4.
22
What is 30 (base 12) in base 8?
44
Convert 110 (base 2) to base 9.
6
What is -20 (base 6) in base 3?
-110
Convert -10 (base 2) to base 6.
-2
Convert -7 (base 13) to base 16.
-7
0 (base 10) to base 15
0
Convert 5 (base 12) to base 16.
5
-1053 (base 7) to base 2
-101111101
15 (base 7) to base 6
20
-10 (base 13) to base 9
-14
Convert -42 (base 8) to base 11.
-31
Convert 10 (base 3) to base 7.
3
What is 310 (base 11) in base 16?
176
What is 10 (base 4) in base 12?
4
Convert -1 (base 4) to base 16.
-1
What is 22 (base 5) in base 15?
c
What is -18 (base 11) in base 12?
-17
Convert 2 (base 14) to base 9.
2
What is -4 (base 10) in base 13?
-4
302 (base 7) to base 15
9e
0 (base 8) to base 14
0
-12 (base 14) to base 9
-17
What is 33 (base 14) in base 11?
41
-24 (base 7) to base 4
-102
What is -3030 (base 4) in base 13?
-129
What is 50 (base 9) in base 14?
33
-5 (base 8) to base 14
-5
Convert -4 (base 14) to base 15.
-4
Convert -3 (base 11) to base 2.
-11
Convert 12 (base 9) to base 10.
11
What is 10011001 (base 2) in base 5?
1103
-4 (base 6) to base 16
-4
Convert -11 (base 8) to base 16.
-9
What is 4 (base 8) in base 4?
10
313 (base 8) to base 2
11001011
What is -99 (base 10) in base 16?
-63
Convert -7 (base 10) to base 3.
-21
-100100 (base 2) to base 6
-100
What is -89 (base 10) in base 6?
-225
2 (base 11) to base 4
2
Convert 13 (base 9) to base 14.
c
-38 (base 12) to base 4
-230
-17 (base 9) to base 14
-12
9 (base 14) to base 8
11
What is -20 (base 6) in base 10?
-12
Convert -20 (base 9) to base 16.
-12
Convert 54 (base 6) to base 8.
42
Convert 0 (base 15) to base 13.
0
Convert -100000111 (base 2) to base 9.
-322
0 (base 16) to base 9
0
What is -1 (base 7) in base 5?
-1
What is 100 (base 8) in base 9?
71
What is 1 (base 9) in base 8?
1
What is 47 (base 8) in base 10?
39
-4 (base 15) to base 10
-4
Convert 1 (base 12) to base 14.
1
What is -1000001 (base 2) in base 13?
-50
What is 10a (base 12) in base 3?
12201
What is 3 (base 6) in base 2?
11
What is -3 (base 5) in base 16?
-3
Convert -22212 (base 3) to base 15.
-10e
-180 (base 11) to base 14
-10d
What is 31 (base 8) in base 11?
23
11100001 (base 2) to base 6
1013
Convert 0 (base 16) to base 14.
0
-36 (base 16) to base 9
-60
5 (base 11) to base 6
5
-1011 (base 4) to base 11
-63
What is -14 (base 10) in base 7?
-20
What is 0 (base 10) in base 4?
0
-5 (base 7) to base 12
-5
What is -34 (base 15) in base 12?
-41
Convert 1 (base 15) to base 13.
1
Convert 200 (base 8) to base 15.
88
5 (base 11) to base 6
5
What is -6 (base 15) in base 10?
-6
Convert -1 (base 6) to base 10.
-1
What is -55 (base 14) in base 12?
-63
31 (base 7) to base 5
42
What is -35 (base 13) in base 4?
-230
Convert -2 (base 13) to base 12.
-2
What is 132 (base 6) in base 11?
51
0 (base 6) to base 10
0
Convert 150 (base 8) to base 14.
76
Convert 1 (base 9) to base 10.
1
What is -10001 (base 3) in base 8?
-122
Convert 22 (base 11) to base 9.
26
Convert -9 (base 12) to base 7.
-12
What is -5 (base 12) in base 15?
-5
1 (base 12) to base 8
1
-360 (base 8) to base 16
-f0
Convert -35 (base 8) to base 4.
-131
What is 415 (base 7) in base 3?
21201
-2 (base 10) to base 11
-2
What is -55 (base 6) in base 10?
-35
-10 (base 4) to base 16
-4
-105 (base 7) to base 8
-66
-1 (base 12) to base 9
-1
1 (base 4) to base 6
1
What is 18 (base 16) in base 11?
22
What is -1051 (base 6) in base 5?
-1442
103 (base 5) to base 12
24
What is -3 (base 9) in base 10?
-3
Convert 210 (base 3) to base 4.
111
What is 3 (base 12) in base 2?
11
What is 27 (base 9) in base 8?
31
What is -102 (base 7) in base 11?
-47
What is 110 (base 2) in base 9?
6
What is -123 (base 6) in base 15?
-36
Convert -7 (base 8) to base 7.
-10
Convert 1001 (base 2) to base 9.
10
What is -30 (base 11) in base 7?
-45
Convert 1000001 (base 2) to base 15.
45
What is -52 (base 6) in base 9?
-35
What is bd (base 15) in base 4?
2302
What is -202 (base 6) in base 5?
-244
10 (base 5) to base 16
5
What is 40 (base 5) in base 10?
20
What is -93 (base 15) in base 10?
-138
What is -2 (base 5) in base 16?
-2
-2 (base 9) to base 2
-10
Convert 1 (base 6) to base 3.
1
What is -29 (base 16) in base 15?
-2b
Convert -3 (base 12) to base 5.
-3
-23 (base 4) to base 13
-b
Convert 7 (base 13) to base 6.
11
-13 (base 5) to base 8
-10
2 (base 5) to base 4
2
3 (base 12) to base 5
3
Convert -74 (base 9) to base 3.
-2111
-112 (base 5) to base 16
-20
Convert 8 (base 16) to base 6.
12
What is 39 (base 11) in base 12?
36
70 (base 11) to base 8
115
Convert -23 (base 10) to base 4.
-113
What is 14 (base 15) in base 11?
18
Convert -1 (base 7) to base 16.
-1
Convert 0 (base 4) to base 10.
0
What is 1b (base 16) in base 15?
1c
6 (base 9) to base 4
12
What is 67 (base 16) in base 13?
7c
Convert 2120 (base 3) to base 12.
59
What is 273 (base 8) in base 11?
160
Convert 21 (base 7) to base 13.
12
What is 4 (base 7) in base 11?
4
Convert 23 (base 9) to base 2.
10101
0 (base 11) to base 6
0
-1 (base 3) to base 10
-1
What is -27 (base 10) in base 14?
-1d
What is 39 (base 11) in base 3?
1120
15 (base 15) to base 10
20
-1 (base 9) to base 5
-1
16 (base 14) to base 3
202
What is 5 (base 10) in base 2?
101
What is 4 (base 5) in base 14?
4
-130 (base 13) to base 4
-3100
What is -221 (base 5) in base 3?
-2021
-8 (base 13) to base 14
-8
What is 3 (base 13) in base 16?
3
-2 (base 6) to base 15
-2
What is 0 (base 3) in base 6?
0
0 (base 10) to base 15
0
Convert -11 (base 2) to base 11.
-3
What is -112 (base 3) in base 2?
-1110
Convert 12121 (base 3) to base 8.
227
What is 432 (base 5) in base 16?
75
What is -1 (base 12) in base 13?
-1
What is 5 (base 8) in base 9?
5
What is -147 (base 12) in base 16?
-c7
What is 1200 (base 3) in base 8?
55
-9 (base 16) to base 5
-14
What is -423 (base 5) in base 16?
-71
Convert 29 (base 12) to base 4.
201
What is b (base 14) in base 6?
15
-9 (base 15) to base 12
-9
-2 (base 15) to base 12
-2
Convert -46 (base 10) to base 3.
-1201
What is 3 (base 7) in base 8?
3
2 (base 6) to base 16
2
-1 (base 10) to base 4
-1
Convert -14 (base 8) to base 2.
-1100
What is -340 (base 8) in base 16?
-e0
-8 (base 14) to base 9
-8
What is 2 (base 16) in base 9?
2
Convert 300 (base 6) to base 12.
90
Convert -2 (base 15) to base 5.
-2
Convert -5 (base 13) to base 15.
-5
Convert -10001000 (base 2) to base 5.
-1021
What is 5 (base 12) in base 11?
5
-8 (base 9) to base 14
-8
-61 (base 11) to base 9
-74
Convert 11 (base 8) to base 10.
9
What is -23 (base 12) in base 13?
-21
What is 113 (base 11) in base 8?
207
What is 0 (base 12) in base 16?
0
What is 250 (base 8) in base 7?
330
-23 (base 12) to base 8
-33
-2b8 (base 12) to base 8
-654
What is -3 (base 4) in base 5?
-3
-30 (base 13) to base 6
-103
What is 102 (base 4) in base 7?
24
What is 36 (base 11) in base 8?
47
Convert -4 (base 14) to base 7.
-4
What is 1 (base 14) in base 5?
1
16 (base 10) to base 15
11
100100 (base 3) to base 14
140
Convert 64 (base 10) to base 16.
40
Convert -1 (base 10) to base 11.
-1
-172 (base 8) to base 15
-82
What is 47 (base 13) in base 9?
65
-10 (base 11) to base 4
-23
12 (base 5) to base 9
7
108 (base 9) to base 13
6b
Convert 3 (base 15) to base 3.
10
Convert -3 (base 9) to base 2.
-11
What is 1 (base 14) in base 11?
1
Convert 10100 (base 2) to base 4.
110
Convert -43 (base 14) to base 11.
-54
What is 11101 (base 2) in base 7?
41
2 (base 5) to base 10
2
Convert a7 (base 14) to base 5.
1042
Convert -35 (base 6) to base 14.
-19
What is 3 (base 5) in base 3?
10
Convert 23 (base 6) to base 8.
17
What is -17 (base 12) in base 8?
-23
Convert 81 (base 12) to base 15.
67
Convert 25 (base 10) to base 4.
121
What is 26 (base 12) in base 7?
42
Convert -22 (base 6) to base 16.
-e
-2 (base 7) to base 12
-2
What is -2 (base 13) in base 16?
-2
Convert d (base 15) to base 11.
12
What is 3 (base 13) in base 5?
3
Convert 4 (base 11) to base 3.
11
What is 1 (base 15) in base 10?
1
222 (base 4) to base 6
110
What is 34 (base 9) in base 8?
37
-22 (base 4) to base 13
-a
What is -17 (base 12) in base 6?
-31
Convert 110 (base 4) to base 5.
40
What is -1022 (base 4) in base 5?
-244
2e (base 16) to base 6
114
2c (base 14) to base 5
130
Convert 97 (base 16) to base 10.
151
Convert 1 (base 15) to base 5.
1
Convert -5 (base 11) to b